at is 2018 - -18?
2032
In base 15, what is -39e - -1e?
-380
In base 4, what is -311130 + 3?
-311121
In base 8, what is -103 + -2353?
-2456
In base 4, what is -1001013 - -12?
-1001001
In base 12, what is 15132 - 7?
15127
In base 12, what is -20022 + -4?
-20026
In base 5, what is 321421 + 43?
322014
In base 11, what is -27 - -2681?
2655
In base 3, what is 2 + -11101122120?
-11101122111
In base 12, what is -108 + -156?
-262
In base 9, what is -14784880 + 3?
-14784876
In base 13, what is 87 - c2?
-38
In base 11, what is 2 + 771a?
7721
In base 14, what is 4 + 164bd?
164c3
In base 4, what is -1 + 12120031?
12120030
In base 7, what is 1115155 + -25?
1115130
In base 9, what is -185436 + -4?
-185441
In base 6, what is 5 - 1305544?
-1305535
In base 4, what is -2 - 12001?
-12003
In base 6, what is -4 - -5304330?
5304322
In base 13, what is 1164 - -18b?
1322
In base 14, what is -1386 + -17?
-139d
In base 7, what is 13300 - -62?
13362
In base 14, what is 3149 + 2?
314b
In base 2, what is 1011111110110 + 111?
1011111111101
In base 2, what is -11111111010101011 + 0?
-11111111010101011
In base 15, what is 1368b0 - -5?
1368b5
In base 12, what is -2224b - -18?
-22233
In base 3, what is 111 - -1000110121?
1000111002
In base 9, what is 506854 + 3?
506857
In base 16, what is -2d53 - a?
-2d5d
In base 13, what is 11 - -9b37?
9b48
In base 16, what is -2690 + -19?
-26a9
In base 15, what is cb0e + 1?
cb10
In base 4, what is -13132131331 - 3?
-13132132000
In base 16, what is 7 - 1c4e?
-1c47
In base 2, what is 1010111010 - 111?
1010110011
In base 8, what is -2463 + 701?
-1562
In base 15, what is 4 + -34e09?
-34e05
In base 16, what is -3 - 35fb?
-35fe
In base 13, what is 19178 + 2?
1917a
In base 9, what is 58 + -11561?
-11502
In base 14, what is 8aa + 28b?
b57
In base 12, what is -346b - -1a1?
-328a
In base 15, what is 18b3 + -2?
18b1
In base 4, what is 32030002130 - -3?
32030002133
In base 9, what is 23620 - -17?
23637
In base 6, what is -14522 - 1030?
-15552
In base 4, what is 311 + -1021103?
-1020132
In base 15, what is -265 + 4?
-261
In base 5, what is 101 - 2224244?
-2224143
In base 6, what is -223 - -23035?
22412
In base 2, what is -10000001001011 + 11001?
-10000000110010
In base 6, what is -24 + 1141?
1113
In base 12, what is 2b2676 + -1?
2b2675
In base 10, what is -25 - -92879?
92854
In base 16, what is 5 + -fc402?
-fc3fd
In base 15, what is -105 - -86?
-6e
In base 14, what is -da0a + 0?
-da0a
In base 2, what is 1101 - -101011111000?
101100000101
In base 13, what is -37 + 3430b?
342a4
In base 8, what is -3254035 - -4?
-3254031
In base 5, what is -3 + 1102433?
1102430
In base 11, what is -16 - 184a6?
-18511
In base 9, what is 34 - -7620?
7654
In base 14, what is 2087 - -3?
208a
In base 8, what is 0 - 147042?
-147042
In base 13, what is 4c3b - -6?
4c44
In base 7, what is -3 + 6?
3
In base 7, what is 256045 - 3?
256042
In base 6, what is 10 + -145343?
-145333
In base 16, what is 0 - -2e442?
2e442
In base 11, what is -76642a - 3?
-766432
In base 5, what is -124113312 + -3?
-124113320
In base 15, what is -5dd + -61e?
-c0c
In base 14, what is -420b7 + a?
-420ab
In base 16, what is 1 + -62b33?
-62b32
In base 7, what is 406563 - -2?
406565
In base 10, what is 5504 - 4?
5500
In base 10, what is 119316 - 0?
119316
In base 16, what is 6cbc + -4?
6cb8
In base 6, what is 3 + 230442?
230445
In base 13, what is 9741 + -9?
9735
In base 9, what is 26 + -1718?
-1682
In base 12, what is -1a123 - 6?
-1a129
In base 10, what is 1 - 72383?
-72382
In base 15, what is -8000 - -3?
-7eec
In base 3, what is 1 + 100110220?
100110221
In base 6, what is 13203 + -221?
12542
In base 10, what is -1 + 21337?
21336
In base 2, what is 11111100110 - -11111100?
100011100010
In base 7, what is 4435 - 130?
4305
In base 6, what is -304504 + 14?
-304450
In base 3, what is -1120110202 + -20222?
-1120201201
In base 11, what is 81 + 208?
289
In base 8, what is -44741 + 31?
-44710
In base 14, what is 8641 - -6?
8647
In base 10, what is 3 - 4593?
-4590
In base 10, what is 50 - 958?
-908
In base 11, what is 65a62 + 4?
65a66
In base 13, what is -2c + -5a8?
-607
In base 10, what is 25093 + -8?
25085
In base 4, what is 0 + -1023103?
-1023103
In base 13, what is -158 - 23?
-17b
In base 5, what is 0 - 1321442?
-1321442
In base 8, what is 30367 - 44?
30323
In base 8, what is 755331 - -4?
755335
In base 6, what is -1012 - 21441?
-22453
In base 12, what is -2a + 41?
13
In base 14, what is 3 + -65bc?
-65b9
In base 11, what is -4808 - 6?
-4813
In base 7, what is 500 - 660?
-160
In base 2, what is -100100010110010011 + -10?
-100100010110010101
In base 10, what is 35667 + 1?
35668
In base 3, what is 10001 - -1010221?
1020222
In base 14, what is -1c9 - -65d?
474
In base 5, what is -10 + 403344?
403334
In base 10, what is -56756 - 2?
-56758
In base 9, what is -4 - -215572?
215567
In base 15, what is -8caa2 + 5?
-8ca9c
In base 2, what is 11000000000 + 1000?
11000001000
In base 9, what is -146 - 582?
-738
In base 5, what is -33400 - 44?
-33444
In base 4, what is -32302 + -1322?
-100230
In base 3, what is 1022 + 1002200200?
1002201222
In base 7, what is -21 - 456562?
-456613
In base 2, what is -1001101010111100001 - -1?
-1001101010111100000
In base 10, what is -760 - 133?
-893
In base 3, what is 1 - 101002121?
-101002120
In base 5, what is 4 + 2413313?
2413322
In base 7, what is -3 - 301425?
-301431
In base 16, what is 2f - 8e?
-5f
In base 13, what is -5 + 237654?
23764c
In base 9, what is -2163 - -1113?
-1050
In base 10, what is -43 + 107?
64
In base 6, what is -42 - 10551?
-11033
In base 13, what is -4 + 3a71?
3a6a
In base 8, what is 166 - 50?
116
In base 11, what is 1377 + -139?
1239
In base 11, what is -3a1647 - -2?
-3a1645
In base 2, what is 100011000011001010 - 101?
100011000011000101
In base 14, what is -6549 + 3?
-6546
In base 5, what is -4134 + 30?
-4104
In base 16, what is -1aa66 - -c?
-1aa5a
In base 10, what is -8825 + -10?
-8835
In base 2, what is -11011011110 - -1011?
-11011010011
In base 8, what is 10 - -13530?
13540
In base 12, what is 12 - -28a86?
28a98
In base 13, what is -977 - -24?
-953
In base 4, what is 30 - -21323030?
21323120
In base 3, what is -120200022 + 2210?
-120120112
In base 6, what is -22 - 1150?
-1212
In base 4, what is 3213100 + 10?
3213110
In base 7, what is -352 - -62311?
61626
In base 14, what is 57a0 - -14d?
590d
In base 10, what is -2034 - 17?
-2051
In base 10, what is 17313 - -13?
17326
In base 5, what is 4 + -1322031?
-1322022
In base 16, what is -3 + 2e82?
2e7f
In base 6, what is 1213244 - -5?
1213253
In base 6, what is 1023554 + -31?
1023523
In base 10, what is 1 + 28313?
28314
In base 7, what is -42126 + 122?
-42004
In base 15, what is -3 - 436?
-439
In base 4, what is 20300032 + 0?
20300032
In base 5, what is -12 + -1130?
-1142
In base 16, what is -33d1 + -d?
-33de
In base 6, what is -203 + -45?
-252
In base 6, what is 3030 - -33?
3103
In base 13, what is 4 + -6516?
-6512
In base 2, what is -1011101000100100001 - 10?
-1011101000100100011
In base 13, what is -9 - 38aa?
-38b6
In base 10, what is 498 + 234?
732
In base 10, what is -64 + 2196?
2132
In base 14, what is -ba336 - 5?
-ba33b
In base 3, what is 10 + 111002220?
111010000
In base 5, what is -3123341 - -4?
-3123332
In base 8, what is 310 - -12340?
12650
In base 14, what is 98 + -da?
-42
In base 15, what is 1adc - e?
1acd
In base 7, what is -4214255 - -2?
-4214253
In base 15, what is 3b + -562?
-526
In base 3, what is 111211120 - 11?
111211102
In base 16, what is 109f + -6?
1099
In base 12, what is 7a7 + -7?
7a0
In base 7, what is -3 + -252142?
-252145
In base 10, what is 132523 + -9?
132514
In base 9, what is 3 + -2523416?
-2523413
In base 8, what is -24765 + 114?
-24651
In base 3, what is 100010 - -101?
100111
In base 15, what is 1847a + -5?
18475
In base 3, what is -2000010 + 101?
-1222202
In base 13, what is 0 + -12368?
-12368
In base 6, what is 23340 - -152?
23532
In base 2, what is 11001110111 - -100011110?
11110010101
In base 15, what is -17b6a - 4?
-17b6e
In base 15, what is -1184e - -5?
-11849
In base 13, what is -3 + 234?
231
In base 12, what is -29 - -5316?
52a9
In base 10, what is 1 + -17655?
-17654
In base 5, what is -40043 - 143?
-40241
In base 4, what is 201202023 + -13?
201202010
In base 9, what is 52 + 2868?
30